{"id":61,"date":"2020-04-22T17:32:10","date_gmt":"2020-04-22T15:32:10","guid":{"rendered":"https:\/\/www.die-lautmalerei.de\/?page_id=61"},"modified":"2022-07-20T01:06:10","modified_gmt":"2022-07-19T23:06:10","slug":"profil","status":"publish","type":"page","link":"https:\/\/www.die-lautmalerei.de\/?page_id=61","title":{"rendered":"Dr. phil. Maria Milbert"},"content":{"rendered":"\n<div class=\"wp-block-group\"><div class=\"wp-block-group__inner-container is-layout-flow wp-block-group-is-layout-flow\">\n<div class=\"wp-block-media-text alignwide is-stacked-on-mobile\" style=\"grid-template-columns:32% auto\"><figure class=\"wp-block-media-text__media\"><img loading=\"lazy\" decoding=\"async\" width=\"767\" height=\"923\" src=\"https:\/\/www.die-lautmalerei.de\/wp-content\/uploads\/2022\/07\/blub-5.jpg\" alt=\"\" class=\"wp-image-437 size-full\" srcset=\"https:\/\/www.die-lautmalerei.de\/wp-content\/uploads\/2022\/07\/blub-5.jpg 767w, https:\/\/www.die-lautmalerei.de\/wp-content\/uploads\/2022\/07\/blub-5-249x300.jpg 249w\" sizes=\"auto, (max-width: 767px) 100vw, 767px\" \/><\/figure><div class=\"wp-block-media-text__content\">\n<p><em>Promotion<\/em> <em>im Fachbereich Erziehungs- und Sozialwissenschaften<\/em><br><em>M. A. Praxisforschung in Sozialer Arbeit und P\u00e4dagogik<\/em><br><em>B. A. Heilp\u00e4dagogik<\/em><\/p>\n<\/div><\/div>\n<\/div><\/div>\n\n\n\n<p><\/p>\n\n\n\n<p>Als <strong>freie Lektorin und Autorin<\/strong> habe ich mich auf die Zusammenarbeit mit Menschen und Organisationen aus den Bereichen <strong>Soziales, Kultur und Wissenschaft<\/strong> spezialisiert. Einerseits macht es <em>Sinn<\/em> f\u00fcr mich, genau diese Menschen und Projekte zu unterst\u00fctzen, und andererseits kenne ich mich in diesen <em>Welten<\/em> auch gut aus. Ich bin in Eigenregie sowie f\u00fcr mehrere Agenturen t\u00e4tig.<\/p>\n\n\n\n<p>Text stand zwar nicht immer im Vordergrund meiner Arbeit, aber doch immer im Mittelpunkt. <strong>Vor meiner T\u00e4tigkeit als Lektorin arbeitete ich in verschiedenen Feldern,<\/strong> u. a. als Heilp\u00e4dagogin, wissenschaftliche Mitarbeiterin, in der Hochschulverwaltung, Organisatorin von Kulturveranstaltungen und Evaluationsassistentin. Aus <strong>ehrenamtlichen T\u00e4tigkeiten im Bereich linker Politik und Feminismus<\/strong> wei\u00df ich, mit welchen Worten man Freiwillige zusammenh\u00e4lt und  Ziele kommuniziert. L\u00e4ngere Arbeitsphasen in der T\u00fcrkei, Argentinien und Irland machten mich sensibel f\u00fcr die <strong>Vielfalt unserer Kulturen und Sprachen<\/strong>. Derzeit promoviere ich dar\u00fcber hinaus an der <em>Universit\u00e4t Hildesheim<\/em> sowie an der <em>Universit\u00e4t der K\u00fcnste Berlin<\/em>. <\/p>\n\n\n\n<p>In allen T\u00e4tigkeiten sammelte ich <strong>Erfahrung im Schreiben und Redigieren<\/strong> von Texten:<\/p>\n\n\n\n<ul class=\"wp-block-list\"><li><strong>Wissenschaft und Evaluation:<\/strong> Paper, Vortr\u00e4ge, Forschungsberichte, Fachartikel, zielgruppenspezifische Kommunikation von Forschungsergebnissen (<a href=\"https:\/\/www.uni-hildesheim.de\/fb1\/institute\/institut-fuer-sozial-und-organisationspaedagogik\/team\/ehemalige-mitglieder\/maria-milbert\/\" target=\"_blank\" rel=\"noreferrer noopener\">Ver\u00f6ffentlichungsliste<\/a>)<\/li><li><strong>NGO\/Non-Profit:<\/strong> Leitf\u00e4den, Mission Statements, Website- und Pressetexte, Social Media, Newsletter<\/li><li><strong>K\u00fcnstlerische Projekte: <\/strong>Website- und Pressetexte, Social Media, Newsletter<\/li><li><strong>Hochschulverwaltung:<\/strong> \u00d6ffentlichkeitsarbeit, interne und externe Kommunikation, Websites, Akkreditierungsantr\u00e4ge und -gutachten<\/li><li><strong>Hochschullehre: <\/strong>Lehr- und Lernmaterial, Korrektur und Lektorat studentischer Arbeiten (Bachelorarbeiten, Masterarbeiten, Hausarbeiten etc.)<\/li><li><strong>Soziale Arbeit und Heilp\u00e4dagogik: <\/strong>Dokumentationen, Leitf\u00e4den und Berichte<\/li><\/ul>\n\n\n\n<p>Referenzen sende ich Ihnen auf Anfrage gern per E-Mail zu. Meine eigene Interdisziplinarit\u00e4t ist von einer gro\u00dfen Neugier motiviert &#8211; auch auf den Fokus <em>Ihrer<\/em> Arbeit! Ich kann mich rasch darin einfinden oder die zentralen Punkte Ihrer Botschaft mit Ihnen gemeinsam erarbeiten, falls Sie sie noch nicht ganz in Worte fassen k\u00f6nnen. <strong>Eine sensible und inklusive Sprache ist mir dabei besonders wichtig. <\/strong><a href=\"https:\/\/www.die-lautmalerei.de\/?page_id=130\">Sprechen Sie mich einfach mal an!<\/a><\/p>\n\n\n\n<p><\/p>\n","protected":false},"excerpt":{"rendered":"<p>Promotion im Fachbereich Erziehungs- und SozialwissenschaftenM. A. Praxisforschung in Sozialer Arbeit und P\u00e4dagogikB. A. Heilp\u00e4dagogik Als freie Lektorin und Autorin&hellip; <\/p>\n","protected":false},"author":1,"featured_media":0,"parent":0,"menu_order":0,"comment_status":"closed","ping_status":"closed","template":"","meta":{"footnotes":""},"class_list":["post-61","page","type-page","status-publish","hentry"],"yoast_head":"<!-- This site is optimized with the Yoast SEO plugin v27.5 - https:\/\/yoast.com\/product\/yoast-seo-wordpress\/ -->\n<title>Dr. phil. Maria Milbert - Die Lautmalerei<\/title>\n<meta name=\"robots\" content=\"index, follow, max-snippet:-1, max-image-preview:large, max-video-preview:-1\" \/>\n<link rel=\"canonical\" href=\"https:\/\/www.die-lautmalerei.de\/?page_id=61\" \/>\n<meta property=\"og:locale\" content=\"de_DE\" \/>\n<meta property=\"og:type\" content=\"article\" \/>\n<meta property=\"og:title\" content=\"Dr. phil. Maria Milbert - Die Lautmalerei\" \/>\n<meta property=\"og:description\" content=\"Promotion im Fachbereich Erziehungs- und SozialwissenschaftenM. A. Praxisforschung in Sozialer Arbeit und P\u00e4dagogikB. A. Heilp\u00e4dagogik Als freie Lektorin und Autorin&hellip;\" \/>\n<meta property=\"og:url\" content=\"https:\/\/www.die-lautmalerei.de\/?page_id=61\" \/>\n<meta property=\"og:site_name\" content=\"Die Lautmalerei\" \/>\n<meta property=\"article:modified_time\" content=\"2022-07-19T23:06:10+00:00\" \/>\n<meta property=\"og:image\" content=\"https:\/\/www.die-lautmalerei.de\/wp-content\/uploads\/2022\/07\/blub-5.jpg\" \/>\n<meta name=\"twitter:card\" content=\"summary_large_image\" \/>\n<meta name=\"twitter:label1\" content=\"Gesch\u00e4tzte Lesezeit\" \/>\n\t<meta name=\"twitter:data1\" content=\"2\u00a0Minuten\" \/>\n<script type=\"application\/ld+json\" class=\"yoast-schema-graph\">{\"@context\":\"https:\\\/\\\/schema.org\",\"@graph\":[{\"@type\":\"WebPage\",\"@id\":\"https:\\\/\\\/www.die-lautmalerei.de\\\/?page_id=61\",\"url\":\"https:\\\/\\\/www.die-lautmalerei.de\\\/?page_id=61\",\"name\":\"Dr. phil. Maria Milbert - Die Lautmalerei\",\"isPartOf\":{\"@id\":\"https:\\\/\\\/www.die-lautmalerei.de\\\/#website\"},\"primaryImageOfPage\":{\"@id\":\"https:\\\/\\\/www.die-lautmalerei.de\\\/?page_id=61#primaryimage\"},\"image\":{\"@id\":\"https:\\\/\\\/www.die-lautmalerei.de\\\/?page_id=61#primaryimage\"},\"thumbnailUrl\":\"https:\\\/\\\/www.die-lautmalerei.de\\\/wp-content\\\/uploads\\\/2022\\\/07\\\/blub-5.jpg\",\"datePublished\":\"2020-04-22T15:32:10+00:00\",\"dateModified\":\"2022-07-19T23:06:10+00:00\",\"breadcrumb\":{\"@id\":\"https:\\\/\\\/www.die-lautmalerei.de\\\/?page_id=61#breadcrumb\"},\"inLanguage\":\"de\",\"potentialAction\":[{\"@type\":\"ReadAction\",\"target\":[\"https:\\\/\\\/www.die-lautmalerei.de\\\/?page_id=61\"]}]},{\"@type\":\"ImageObject\",\"inLanguage\":\"de\",\"@id\":\"https:\\\/\\\/www.die-lautmalerei.de\\\/?page_id=61#primaryimage\",\"url\":\"https:\\\/\\\/www.die-lautmalerei.de\\\/wp-content\\\/uploads\\\/2022\\\/07\\\/blub-5.jpg\",\"contentUrl\":\"https:\\\/\\\/www.die-lautmalerei.de\\\/wp-content\\\/uploads\\\/2022\\\/07\\\/blub-5.jpg\",\"width\":767,\"height\":923},{\"@type\":\"BreadcrumbList\",\"@id\":\"https:\\\/\\\/www.die-lautmalerei.de\\\/?page_id=61#breadcrumb\",\"itemListElement\":[{\"@type\":\"ListItem\",\"position\":1,\"name\":\"Startseite\",\"item\":\"https:\\\/\\\/www.die-lautmalerei.de\\\/\"},{\"@type\":\"ListItem\",\"position\":2,\"name\":\"Dr. phil. Maria Milbert\"}]},{\"@type\":\"WebSite\",\"@id\":\"https:\\\/\\\/www.die-lautmalerei.de\\\/#website\",\"url\":\"https:\\\/\\\/www.die-lautmalerei.de\\\/\",\"name\":\"Die Lautmalerei\",\"description\":\"Lektorat und Text\",\"potentialAction\":[{\"@type\":\"SearchAction\",\"target\":{\"@type\":\"EntryPoint\",\"urlTemplate\":\"https:\\\/\\\/www.die-lautmalerei.de\\\/?s={search_term_string}\"},\"query-input\":{\"@type\":\"PropertyValueSpecification\",\"valueRequired\":true,\"valueName\":\"search_term_string\"}}],\"inLanguage\":\"de\"}]}<\/script>\n<!-- \/ Yoast SEO plugin. -->","yoast_head_json":{"title":"Dr. phil. Maria Milbert - Die Lautmalerei","robots":{"index":"index","follow":"follow","max-snippet":"max-snippet:-1","max-image-preview":"max-image-preview:large","max-video-preview":"max-video-preview:-1"},"canonical":"https:\/\/www.die-lautmalerei.de\/?page_id=61","og_locale":"de_DE","og_type":"article","og_title":"Dr. phil. Maria Milbert - Die Lautmalerei","og_description":"Promotion im Fachbereich Erziehungs- und SozialwissenschaftenM. A. Praxisforschung in Sozialer Arbeit und P\u00e4dagogikB. A. Heilp\u00e4dagogik Als freie Lektorin und Autorin&hellip;","og_url":"https:\/\/www.die-lautmalerei.de\/?page_id=61","og_site_name":"Die Lautmalerei","article_modified_time":"2022-07-19T23:06:10+00:00","og_image":[{"url":"https:\/\/www.die-lautmalerei.de\/wp-content\/uploads\/2022\/07\/blub-5.jpg","type":"","width":"","height":""}],"twitter_card":"summary_large_image","twitter_misc":{"Gesch\u00e4tzte Lesezeit":"2\u00a0Minuten"},"schema":{"@context":"https:\/\/schema.org","@graph":[{"@type":"WebPage","@id":"https:\/\/www.die-lautmalerei.de\/?page_id=61","url":"https:\/\/www.die-lautmalerei.de\/?page_id=61","name":"Dr. phil. Maria Milbert - Die Lautmalerei","isPartOf":{"@id":"https:\/\/www.die-lautmalerei.de\/#website"},"primaryImageOfPage":{"@id":"https:\/\/www.die-lautmalerei.de\/?page_id=61#primaryimage"},"image":{"@id":"https:\/\/www.die-lautmalerei.de\/?page_id=61#primaryimage"},"thumbnailUrl":"https:\/\/www.die-lautmalerei.de\/wp-content\/uploads\/2022\/07\/blub-5.jpg","datePublished":"2020-04-22T15:32:10+00:00","dateModified":"2022-07-19T23:06:10+00:00","breadcrumb":{"@id":"https:\/\/www.die-lautmalerei.de\/?page_id=61#breadcrumb"},"inLanguage":"de","potentialAction":[{"@type":"ReadAction","target":["https:\/\/www.die-lautmalerei.de\/?page_id=61"]}]},{"@type":"ImageObject","inLanguage":"de","@id":"https:\/\/www.die-lautmalerei.de\/?page_id=61#primaryimage","url":"https:\/\/www.die-lautmalerei.de\/wp-content\/uploads\/2022\/07\/blub-5.jpg","contentUrl":"https:\/\/www.die-lautmalerei.de\/wp-content\/uploads\/2022\/07\/blub-5.jpg","width":767,"height":923},{"@type":"BreadcrumbList","@id":"https:\/\/www.die-lautmalerei.de\/?page_id=61#breadcrumb","itemListElement":[{"@type":"ListItem","position":1,"name":"Startseite","item":"https:\/\/www.die-lautmalerei.de\/"},{"@type":"ListItem","position":2,"name":"Dr. phil. Maria Milbert"}]},{"@type":"WebSite","@id":"https:\/\/www.die-lautmalerei.de\/#website","url":"https:\/\/www.die-lautmalerei.de\/","name":"Die Lautmalerei","description":"Lektorat und Text","potentialAction":[{"@type":"SearchAction","target":{"@type":"EntryPoint","urlTemplate":"https:\/\/www.die-lautmalerei.de\/?s={search_term_string}"},"query-input":{"@type":"PropertyValueSpecification","valueRequired":true,"valueName":"search_term_string"}}],"inLanguage":"de"}]}},"_links":{"self":[{"href":"https:\/\/www.die-lautmalerei.de\/index.php?rest_route=\/wp\/v2\/pages\/61","targetHints":{"allow":["GET"]}}],"collection":[{"href":"https:\/\/www.die-lautmalerei.de\/index.php?rest_route=\/wp\/v2\/pages"}],"about":[{"href":"https:\/\/www.die-lautmalerei.de\/index.php?rest_route=\/wp\/v2\/types\/page"}],"author":[{"embeddable":true,"href":"https:\/\/www.die-lautmalerei.de\/index.php?rest_route=\/wp\/v2\/users\/1"}],"replies":[{"embeddable":true,"href":"https:\/\/www.die-lautmalerei.de\/index.php?rest_route=%2Fwp%2Fv2%2Fcomments&post=61"}],"version-history":[{"count":17,"href":"https:\/\/www.die-lautmalerei.de\/index.php?rest_route=\/wp\/v2\/pages\/61\/revisions"}],"predecessor-version":[{"id":452,"href":"https:\/\/www.die-lautmalerei.de\/index.php?rest_route=\/wp\/v2\/pages\/61\/revisions\/452"}],"wp:attachment":[{"href":"https:\/\/www.die-lautmalerei.de\/index.php?rest_route=%2Fwp%2Fv2%2Fmedia&parent=61"}],"curies":[{"name":"wp","href":"https:\/\/api.w.org\/{rel}","templated":true}]}}

<div class="wp-block-group"><div class="wp-block-group__inner-container is-layout-flow wp-block-group-is-layout-flow">
<div class="wp-block-media-text alignwide is-stacked-on-mobile" style="grid-template-columns:32% auto"><figure class="wp-block-media-text__media"><img loading="lazy" decoding="async" width="767" height="923" src="https://www.die-lautmalerei.de/wp-content/uploads/2022/07/blub-5.jpg" alt="" class="wp-image-437 size-full" srcset="https://www.die-lautmalerei.de/wp-content/uploads/2022/07/blub-5.jpg 767w, https://www.die-lautmalerei.de/wp-content/uploads/2022/07/blub-5-249x300.jpg 249w" sizes="auto, (max-width: 767px) 100vw, 767px" /></figure><div class="wp-block-media-text__content">
<p><em>Promotion</em> <em>im Fachbereich Erziehungs- und Sozialwissenschaften</em><br><em>M. A. Praxisforschung in Sozialer Arbeit und Pädagogik</em><br><em>B. A. Heilpädagogik</em></p>
</div></div>
</div></div>



<p></p>



<p>Als <strong>freie Lektorin und Autorin</strong> habe ich mich auf die Zusammenarbeit mit Menschen und Organisationen aus den Bereichen <strong>Soziales, Kultur und Wissenschaft</strong> spezialisiert. Einerseits macht es <em>Sinn</em> für mich, genau diese Menschen und Projekte zu unterstützen, und andererseits kenne ich mich in diesen <em>Welten</em> auch gut aus. Ich bin in Eigenregie sowie für mehrere Agenturen tätig.</p>



<p>Text stand zwar nicht immer im Vordergrund meiner Arbeit, aber doch immer im Mittelpunkt. <strong>Vor meiner Tätigkeit als Lektorin arbeitete ich in verschiedenen Feldern,</strong> u. a. als Heilpädagogin, wissenschaftliche Mitarbeiterin, in der Hochschulverwaltung, Organisatorin von Kulturveranstaltungen und Evaluationsassistentin. Aus <strong>ehrenamtlichen Tätigkeiten im Bereich linker Politik und Feminismus</strong> weiß ich, mit welchen Worten man Freiwillige zusammenhält und  Ziele kommuniziert. Längere Arbeitsphasen in der Türkei, Argentinien und Irland machten mich sensibel für die <strong>Vielfalt unserer Kulturen und Sprachen</strong>. Derzeit promoviere ich darüber hinaus an der <em>Universität Hildesheim</em> sowie an der <em>Universität der Künste Berlin</em>. </p>



<p>In allen Tätigkeiten sammelte ich <strong>Erfahrung im Schreiben und Redigieren</strong> von Texten:</p>



<ul class="wp-block-list"><li><strong>Wissenschaft und Evaluation:</strong> Paper, Vorträge, Forschungsberichte, Fachartikel, zielgruppenspezifische Kommunikation von Forschungsergebnissen (<a href="https://www.uni-hildesheim.de/fb1/institute/institut-fuer-sozial-und-organisationspaedagogik/team/ehemalige-mitglieder/maria-milbert/" target="_blank" rel="noreferrer noopener">Veröffentlichungsliste</a>)</li><li><strong>NGO/Non-Profit:</strong> Leitfäden, Mission Statements, Website- und Pressetexte, Social Media, Newsletter</li><li><strong>Künstlerische Projekte: </strong>Website- und Pressetexte, Social Media, Newsletter</li><li><strong>Hochschulverwaltung:</strong> Öffentlichkeitsarbeit, interne und externe Kommunikation, Websites, Akkreditierungsanträge und -gutachten</li><li><strong>Hochschullehre: </strong>Lehr- und Lernmaterial, Korrektur und Lektorat studentischer Arbeiten (Bachelorarbeiten, Masterarbeiten, Hausarbeiten etc.)</li><li><strong>Soziale Arbeit und Heilpädagogik: </strong>Dokumentationen, Leitfäden und Berichte</li></ul>



<p>Referenzen sende ich Ihnen auf Anfrage gern per E-Mail zu. Meine eigene Interdisziplinarität ist von einer großen Neugier motiviert &#8211; auch auf den Fokus <em>Ihrer</em> Arbeit! Ich kann mich rasch darin einfinden oder die zentralen Punkte Ihrer Botschaft mit Ihnen gemeinsam erarbeiten, falls Sie sie noch nicht ganz in Worte fassen können. <strong>Eine sensible und inklusive Sprache ist mir dabei besonders wichtig. </strong><a href="https://www.die-lautmalerei.de/?page_id=130">Sprechen Sie mich einfach mal an!</a></p>



<p></p>

<p>Promotion im Fachbereich Erziehungs- und SozialwissenschaftenM. A. Praxisforschung in Sozialer Arbeit und PädagogikB. A. Heilpädagogik Als freie Lektorin und Autorin&hellip; </p>

<!-- This site is optimized with the Yoast SEO plugin v27.5 - https://yoast.com/product/yoast-seo-wordpress/ -->
<title>Dr. phil. Maria Milbert - Die Lautmalerei</title>
<meta name="robots" content="index, follow, max-snippet:-1, max-image-preview:large, max-video-preview:-1" />
<link rel="canonical" href="https://www.die-lautmalerei.de/?page_id=61" />
<meta property="og:locale" content="de_DE" />
<meta property="og:type" content="article" />
<meta property="og:title" content="Dr. phil. Maria Milbert - Die Lautmalerei" />
<meta property="og:description" content="Promotion im Fachbereich Erziehungs- und SozialwissenschaftenM. A. Praxisforschung in Sozialer Arbeit und PädagogikB. A. Heilpädagogik Als freie Lektorin und Autorin&hellip;" />
<meta property="og:url" content="https://www.die-lautmalerei.de/?page_id=61" />
<meta property="og:site_name" content="Die Lautmalerei" />
<meta property="article:modified_time" content="2022-07-19T23:06:10+00:00" />
<meta property="og:image" content="https://www.die-lautmalerei.de/wp-content/uploads/2022/07/blub-5.jpg" />
<meta name="twitter:card" content="summary_large_image" />
<meta name="twitter:label1" content="Geschätzte Lesezeit" />
	<meta name="twitter:data1" content="2 Minuten" />
<script type="application/ld+json" class="yoast-schema-graph">{"@context":"https:\/\/schema.org","@graph":[{"@type":"WebPage","@id":"https:\/\/www.die-lautmalerei.de\/?page_id=61","url":"https:\/\/www.die-lautmalerei.de\/?page_id=61","name":"Dr. phil. Maria Milbert - Die Lautmalerei","isPartOf":{"@id":"https:\/\/www.die-lautmalerei.de\/#website"},"primaryImageOfPage":{"@id":"https:\/\/www.die-lautmalerei.de\/?page_id=61#primaryimage"},"image":{"@id":"https:\/\/www.die-lautmalerei.de\/?page_id=61#primaryimage"},"thumbnailUrl":"https:\/\/www.die-lautmalerei.de\/wp-content\/uploads\/2022\/07\/blub-5.jpg","datePublished":"2020-04-22T15:32:10+00:00","dateModified":"2022-07-19T23:06:10+00:00","breadcrumb":{"@id":"https:\/\/www.die-lautmalerei.de\/?page_id=61#breadcrumb"},"inLanguage":"de","potentialAction":[{"@type":"ReadAction","target":["https:\/\/www.die-lautmalerei.de\/?page_id=61"]}]},{"@type":"ImageObject","inLanguage":"de","@id":"https:\/\/www.die-lautmalerei.de\/?page_id=61#primaryimage","url":"https:\/\/www.die-lautmalerei.de\/wp-content\/uploads\/2022\/07\/blub-5.jpg","contentUrl":"https:\/\/www.die-lautmalerei.de\/wp-content\/uploads\/2022\/07\/blub-5.jpg","width":767,"height":923},{"@type":"BreadcrumbList","@id":"https:\/\/www.die-lautmalerei.de\/?page_id=61#breadcrumb","itemListElement":[{"@type":"ListItem","position":1,"name":"Startseite","item":"https:\/\/www.die-lautmalerei.de\/"},{"@type":"ListItem","position":2,"name":"Dr. phil. Maria Milbert"}]},{"@type":"WebSite","@id":"https:\/\/www.die-lautmalerei.de\/#website","url":"https:\/\/www.die-lautmalerei.de\/","name":"Die Lautmalerei","description":"Lektorat und Text","potentialAction":[{"@type":"SearchAction","target":{"@type":"EntryPoint","urlTemplate":"https:\/\/www.die-lautmalerei.de\/?s={search_term_string}"},"query-input":{"@type":"PropertyValueSpecification","valueRequired":true,"valueName":"search_term_string"}}],"inLanguage":"de"}]}</script>
<!-- / Yoast SEO plugin. -->

Promotion im Fachbereich Erziehungs- und SozialwissenschaftenM. A. Praxisforschung in Sozialer Arbeit und PädagogikB. A. Heilpädagogik Als freie Lektorin und Autorin&hellip;
