{"id":130,"date":"2020-04-22T21:14:56","date_gmt":"2020-04-22T19:14:56","guid":{"rendered":"https:\/\/www.die-lautmalerei.de\/?page_id=130"},"modified":"2022-07-20T14:15:53","modified_gmt":"2022-07-20T12:15:53","slug":"kontakt","status":"publish","type":"page","link":"https:\/\/www.die-lautmalerei.de\/?page_id=130","title":{"rendered":"Kontakt"},"content":{"rendered":"\n<p>Sie m\u00f6chten mir Ihren <strong>Text zusenden<\/strong>, ein <strong>Probelektorat<\/strong> anfordern, einen <strong>Termin<\/strong> besprechen, oder haben <strong>Fragen<\/strong>, die nicht in den <a href=\"https:\/\/www.die-lautmalerei.de\/?page_id=58\">FAQ<\/a> beantwortet werden? Wunderbar &#8211;<strong> schreiben Sie mir einfach:<\/strong> <\/p>\n\n\n\n<p><mark style=\"background-color:rgba(0, 0, 0, 0)\" class=\"has-inline-color has-vivid-cyan-blue-color\"><a href=\"mailto:kontakt@die-lautmalerei.de\">kontakt[at]die-lautmalerei.de<\/a><\/mark><\/p>\n\n\n\n<p>Ich antworte wochentags in der Regel innerhalb von 24 Stunden. In dringenden F\u00e4llen bin ich auch telefonisch bzw. per WhatsApp und Telegram zu erreichen: <\/p>\n\n\n\n<p><a href=\"http:\/\/\u201dtel:\/\/+4915751332128\u2033\">+49 1575 1332128<\/a><\/p>\n\n\n\n<p>Sie k\u00f6nnen mir den Text gern per Mail zuschicken. Zugunsten des <strong>Datenschutzes<\/strong> sowie f\u00fcr <strong>umfangreiche Dokumente<\/strong> steht bei Bedarf aber auch ein <strong>eigens angemieteter Server<\/strong> zur Verf\u00fcgung.<\/p>\n\n\n\n<hr class=\"wp-block-separator has-alpha-channel-opacity\"\/>\n\n\n\n<h2 class=\"wp-block-heading\">Preise<\/h2>\n\n\n\n<blockquote class=\"wp-block-quote is-layout-flow wp-block-quote-is-layout-flow\"><p>Das Schreiben, das Schreiben, soll man nicht \u00fcbertreiben, das kostet blo\u00df Papier. <\/p><cite>Wilhelm Busch, Brief an Grete Meyer, 21. Febr. 1899.<\/cite><\/blockquote>\n\n\n\n<p>Blo\u00df Papier? <strong>Ganz so einfach<\/strong> ist es nicht, denn vor der Ver\u00f6ffentlichung geht ein Text in der Regel durchs Lektorat. Oder wird ganz in Auftrag gegeben.<\/p>\n\n\n\n<blockquote class=\"wp-block-quote is-layout-flow wp-block-quote-is-layout-flow\"><p>Der Gedanke macht ihn blass, wenn er fragt: Was kostet das?<\/p><cite><em>Wilhelm Busch, Plisch und Plum, drittes Kapitel.<\/em><\/cite><\/blockquote>\n\n\n\n<p><strong>Preise<\/strong> im Bereich Lektorat und Texterstellung h\u00e4ngen von vielen <strong>Faktoren <\/strong>ab. Dazu geh\u00f6ren zum Beispiel:<\/p>\n\n\n\n<ul class=\"wp-block-list\"><li>Wie <strong>lang<\/strong> und wie <strong>komplex<\/strong> ist der Text (oder soll er werden)?<\/li><li>Ist thematische <strong>Recherche<\/strong> daf\u00fcr noch n\u00f6tig (z. B. Interviews und Hintergrundrecherche f\u00fcr Blogbeitr\u00e4ge)?<\/li><li>Beim Korrektorat: Wie hoch ist die <strong>Fehlerdichte<\/strong>?<\/li><li>Wie <strong>schnell<\/strong> soll er fertig sein?<\/li><li>Welche besonderen <strong>Vorgaben und W\u00fcnsche<\/strong> gibt es?<\/li><\/ul>\n\n\n\n<p>Honorarkalkulation ist auch f\u00fcr <strong>Berufsverb\u00e4nde<\/strong> ein virulentes Thema. Bei Interesse k\u00f6nnen sie beim <a href=\"https:\/\/www.vfll.de\/was-ist-lektorat\/honorare-im-lektorat\/\">Verband der freien Lektorinnen und Lektorinnen (VfLL)<\/a> und beim <a href=\"https:\/\/texterverband.de\/was-kostet-text\/\">Texterverband<\/a> mehr dazu lesen.<\/p>\n\n\n\n<p>Kurzgesagt: <a href=\"mailto:kontakt@die-lautmalerei.de\">Kontaktieren Sie mich einfach<\/a> mit einer <strong>kurzen Beschreibung<\/strong> Ihres Projekts. Wir stimmen uns rasch \u00fcber die Details ab und ich <strong>berechne das Honorar<\/strong>. Falls es um ein Lektorat geht, setze ich gern vorab ein <strong>Probelektorat<\/strong> um. Nach unserer R\u00fccksprache k\u00f6nnen Sie <strong>ganz in Ruhe entscheiden<\/strong>. F\u00fcr <strong>Studierende<\/strong> biete ich <strong>reduzierte Preise <\/strong>an.<\/p>\n","protected":false},"excerpt":{"rendered":"<p>Sie m\u00f6chten mir Ihren Text zusenden, ein Probelektorat anfordern, einen Termin besprechen, oder haben Fragen, die nicht in den FAQ&hellip; <\/p>\n","protected":false},"author":1,"featured_media":0,"parent":0,"menu_order":0,"comment_status":"closed","ping_status":"closed","template":"","meta":{"footnotes":""},"class_list":["post-130","page","type-page","status-publish","hentry"],"yoast_head":"<!-- This site is optimized with the Yoast SEO plugin v27.4 - https:\/\/yoast.com\/product\/yoast-seo-wordpress\/ -->\n<title>Kontakt - Die Lautmalerei<\/title>\n<meta name=\"robots\" content=\"index, follow, max-snippet:-1, max-image-preview:large, max-video-preview:-1\" \/>\n<link rel=\"canonical\" href=\"https:\/\/www.die-lautmalerei.de\/?page_id=130\" \/>\n<meta property=\"og:locale\" content=\"de_DE\" \/>\n<meta property=\"og:type\" content=\"article\" \/>\n<meta property=\"og:title\" content=\"Kontakt - Die Lautmalerei\" \/>\n<meta property=\"og:description\" content=\"Sie m\u00f6chten mir Ihren Text zusenden, ein Probelektorat anfordern, einen Termin besprechen, oder haben Fragen, die nicht in den FAQ&hellip;\" \/>\n<meta property=\"og:url\" content=\"https:\/\/www.die-lautmalerei.de\/?page_id=130\" \/>\n<meta property=\"og:site_name\" content=\"Die Lautmalerei\" \/>\n<meta property=\"article:modified_time\" content=\"2022-07-20T12:15:53+00:00\" \/>\n<meta name=\"twitter:card\" content=\"summary_large_image\" \/>\n<meta name=\"twitter:label1\" content=\"Gesch\u00e4tzte Lesezeit\" \/>\n\t<meta name=\"twitter:data1\" content=\"2\u00a0Minuten\" \/>\n<script type=\"application\/ld+json\" class=\"yoast-schema-graph\">{\"@context\":\"https:\\\/\\\/schema.org\",\"@graph\":[{\"@type\":\"WebPage\",\"@id\":\"https:\\\/\\\/www.die-lautmalerei.de\\\/?page_id=130\",\"url\":\"https:\\\/\\\/www.die-lautmalerei.de\\\/?page_id=130\",\"name\":\"Kontakt - Die Lautmalerei\",\"isPartOf\":{\"@id\":\"https:\\\/\\\/www.die-lautmalerei.de\\\/#website\"},\"datePublished\":\"2020-04-22T19:14:56+00:00\",\"dateModified\":\"2022-07-20T12:15:53+00:00\",\"breadcrumb\":{\"@id\":\"https:\\\/\\\/www.die-lautmalerei.de\\\/?page_id=130#breadcrumb\"},\"inLanguage\":\"de\",\"potentialAction\":[{\"@type\":\"ReadAction\",\"target\":[\"https:\\\/\\\/www.die-lautmalerei.de\\\/?page_id=130\"]}]},{\"@type\":\"BreadcrumbList\",\"@id\":\"https:\\\/\\\/www.die-lautmalerei.de\\\/?page_id=130#breadcrumb\",\"itemListElement\":[{\"@type\":\"ListItem\",\"position\":1,\"name\":\"Startseite\",\"item\":\"https:\\\/\\\/www.die-lautmalerei.de\\\/\"},{\"@type\":\"ListItem\",\"position\":2,\"name\":\"Kontakt\"}]},{\"@type\":\"WebSite\",\"@id\":\"https:\\\/\\\/www.die-lautmalerei.de\\\/#website\",\"url\":\"https:\\\/\\\/www.die-lautmalerei.de\\\/\",\"name\":\"Die Lautmalerei\",\"description\":\"Lektorat und Text\",\"potentialAction\":[{\"@type\":\"SearchAction\",\"target\":{\"@type\":\"EntryPoint\",\"urlTemplate\":\"https:\\\/\\\/www.die-lautmalerei.de\\\/?s={search_term_string}\"},\"query-input\":{\"@type\":\"PropertyValueSpecification\",\"valueRequired\":true,\"valueName\":\"search_term_string\"}}],\"inLanguage\":\"de\"}]}<\/script>\n<!-- \/ Yoast SEO plugin. -->","yoast_head_json":{"title":"Kontakt - Die Lautmalerei","robots":{"index":"index","follow":"follow","max-snippet":"max-snippet:-1","max-image-preview":"max-image-preview:large","max-video-preview":"max-video-preview:-1"},"canonical":"https:\/\/www.die-lautmalerei.de\/?page_id=130","og_locale":"de_DE","og_type":"article","og_title":"Kontakt - Die Lautmalerei","og_description":"Sie m\u00f6chten mir Ihren Text zusenden, ein Probelektorat anfordern, einen Termin besprechen, oder haben Fragen, die nicht in den FAQ&hellip;","og_url":"https:\/\/www.die-lautmalerei.de\/?page_id=130","og_site_name":"Die Lautmalerei","article_modified_time":"2022-07-20T12:15:53+00:00","twitter_card":"summary_large_image","twitter_misc":{"Gesch\u00e4tzte Lesezeit":"2\u00a0Minuten"},"schema":{"@context":"https:\/\/schema.org","@graph":[{"@type":"WebPage","@id":"https:\/\/www.die-lautmalerei.de\/?page_id=130","url":"https:\/\/www.die-lautmalerei.de\/?page_id=130","name":"Kontakt - Die Lautmalerei","isPartOf":{"@id":"https:\/\/www.die-lautmalerei.de\/#website"},"datePublished":"2020-04-22T19:14:56+00:00","dateModified":"2022-07-20T12:15:53+00:00","breadcrumb":{"@id":"https:\/\/www.die-lautmalerei.de\/?page_id=130#breadcrumb"},"inLanguage":"de","potentialAction":[{"@type":"ReadAction","target":["https:\/\/www.die-lautmalerei.de\/?page_id=130"]}]},{"@type":"BreadcrumbList","@id":"https:\/\/www.die-lautmalerei.de\/?page_id=130#breadcrumb","itemListElement":[{"@type":"ListItem","position":1,"name":"Startseite","item":"https:\/\/www.die-lautmalerei.de\/"},{"@type":"ListItem","position":2,"name":"Kontakt"}]},{"@type":"WebSite","@id":"https:\/\/www.die-lautmalerei.de\/#website","url":"https:\/\/www.die-lautmalerei.de\/","name":"Die Lautmalerei","description":"Lektorat und Text","potentialAction":[{"@type":"SearchAction","target":{"@type":"EntryPoint","urlTemplate":"https:\/\/www.die-lautmalerei.de\/?s={search_term_string}"},"query-input":{"@type":"PropertyValueSpecification","valueRequired":true,"valueName":"search_term_string"}}],"inLanguage":"de"}]}},"_links":{"self":[{"href":"https:\/\/www.die-lautmalerei.de\/index.php?rest_route=\/wp\/v2\/pages\/130","targetHints":{"allow":["GET"]}}],"collection":[{"href":"https:\/\/www.die-lautmalerei.de\/index.php?rest_route=\/wp\/v2\/pages"}],"about":[{"href":"https:\/\/www.die-lautmalerei.de\/index.php?rest_route=\/wp\/v2\/types\/page"}],"author":[{"embeddable":true,"href":"https:\/\/www.die-lautmalerei.de\/index.php?rest_route=\/wp\/v2\/users\/1"}],"replies":[{"embeddable":true,"href":"https:\/\/www.die-lautmalerei.de\/index.php?rest_route=%2Fwp%2Fv2%2Fcomments&post=130"}],"version-history":[{"count":9,"href":"https:\/\/www.die-lautmalerei.de\/index.php?rest_route=\/wp\/v2\/pages\/130\/revisions"}],"predecessor-version":[{"id":449,"href":"https:\/\/www.die-lautmalerei.de\/index.php?rest_route=\/wp\/v2\/pages\/130\/revisions\/449"}],"wp:attachment":[{"href":"https:\/\/www.die-lautmalerei.de\/index.php?rest_route=%2Fwp%2Fv2%2Fmedia&parent=130"}],"curies":[{"name":"wp","href":"https:\/\/api.w.org\/{rel}","templated":true}]}}

<p>Sie möchten mir Ihren <strong>Text zusenden</strong>, ein <strong>Probelektorat</strong> anfordern, einen <strong>Termin</strong> besprechen, oder haben <strong>Fragen</strong>, die nicht in den <a href="https://www.die-lautmalerei.de/?page_id=58">FAQ</a> beantwortet werden? Wunderbar &#8211;<strong> schreiben Sie mir einfach:</strong> </p>



<p><mark style="background-color:rgba(0, 0, 0, 0)" class="has-inline-color has-vivid-cyan-blue-color"><a href="mailto:kontakt@die-lautmalerei.de">kontakt[at]die-lautmalerei.de</a></mark></p>



<p>Ich antworte wochentags in der Regel innerhalb von 24 Stunden. In dringenden Fällen bin ich auch telefonisch bzw. per WhatsApp und Telegram zu erreichen: </p>



<p><a href="http://”tel://+4915751332128″">+49 1575 1332128</a></p>



<p>Sie können mir den Text gern per Mail zuschicken. Zugunsten des <strong>Datenschutzes</strong> sowie für <strong>umfangreiche Dokumente</strong> steht bei Bedarf aber auch ein <strong>eigens angemieteter Server</strong> zur Verfügung.</p>



<hr class="wp-block-separator has-alpha-channel-opacity"/>



<h2 class="wp-block-heading">Preise</h2>



<blockquote class="wp-block-quote is-layout-flow wp-block-quote-is-layout-flow"><p>Das Schreiben, das Schreiben, soll man nicht übertreiben, das kostet bloß Papier. </p><cite>Wilhelm Busch, Brief an Grete Meyer, 21. Febr. 1899.</cite></blockquote>



<p>Bloß Papier? <strong>Ganz so einfach</strong> ist es nicht, denn vor der Veröffentlichung geht ein Text in der Regel durchs Lektorat. Oder wird ganz in Auftrag gegeben.</p>



<blockquote class="wp-block-quote is-layout-flow wp-block-quote-is-layout-flow"><p>Der Gedanke macht ihn blass, wenn er fragt: Was kostet das?</p><cite><em>Wilhelm Busch, Plisch und Plum, drittes Kapitel.</em></cite></blockquote>



<p><strong>Preise</strong> im Bereich Lektorat und Texterstellung hängen von vielen <strong>Faktoren </strong>ab. Dazu gehören zum Beispiel:</p>



<ul class="wp-block-list"><li>Wie <strong>lang</strong> und wie <strong>komplex</strong> ist der Text (oder soll er werden)?</li><li>Ist thematische <strong>Recherche</strong> dafür noch nötig (z. B. Interviews und Hintergrundrecherche für Blogbeiträge)?</li><li>Beim Korrektorat: Wie hoch ist die <strong>Fehlerdichte</strong>?</li><li>Wie <strong>schnell</strong> soll er fertig sein?</li><li>Welche besonderen <strong>Vorgaben und Wünsche</strong> gibt es?</li></ul>



<p>Honorarkalkulation ist auch für <strong>Berufsverbände</strong> ein virulentes Thema. Bei Interesse können sie beim <a href="https://www.vfll.de/was-ist-lektorat/honorare-im-lektorat/">Verband der freien Lektorinnen und Lektorinnen (VfLL)</a> und beim <a href="https://texterverband.de/was-kostet-text/">Texterverband</a> mehr dazu lesen.</p>



<p>Kurzgesagt: <a href="mailto:kontakt@die-lautmalerei.de">Kontaktieren Sie mich einfach</a> mit einer <strong>kurzen Beschreibung</strong> Ihres Projekts. Wir stimmen uns rasch über die Details ab und ich <strong>berechne das Honorar</strong>. Falls es um ein Lektorat geht, setze ich gern vorab ein <strong>Probelektorat</strong> um. Nach unserer Rücksprache können Sie <strong>ganz in Ruhe entscheiden</strong>. Für <strong>Studierende</strong> biete ich <strong>reduzierte Preise </strong>an.</p>

<p>Sie möchten mir Ihren Text zusenden, ein Probelektorat anfordern, einen Termin besprechen, oder haben Fragen, die nicht in den FAQ&hellip; </p>

<!-- This site is optimized with the Yoast SEO plugin v27.4 - https://yoast.com/product/yoast-seo-wordpress/ -->
<title>Kontakt - Die Lautmalerei</title>
<meta name="robots" content="index, follow, max-snippet:-1, max-image-preview:large, max-video-preview:-1" />
<link rel="canonical" href="https://www.die-lautmalerei.de/?page_id=130" />
<meta property="og:locale" content="de_DE" />
<meta property="og:type" content="article" />
<meta property="og:title" content="Kontakt - Die Lautmalerei" />
<meta property="og:description" content="Sie möchten mir Ihren Text zusenden, ein Probelektorat anfordern, einen Termin besprechen, oder haben Fragen, die nicht in den FAQ&hellip;" />
<meta property="og:url" content="https://www.die-lautmalerei.de/?page_id=130" />
<meta property="og:site_name" content="Die Lautmalerei" />
<meta property="article:modified_time" content="2022-07-20T12:15:53+00:00" />
<meta name="twitter:card" content="summary_large_image" />
<meta name="twitter:label1" content="Geschätzte Lesezeit" />
	<meta name="twitter:data1" content="2 Minuten" />
<script type="application/ld+json" class="yoast-schema-graph">{"@context":"https:\/\/schema.org","@graph":[{"@type":"WebPage","@id":"https:\/\/www.die-lautmalerei.de\/?page_id=130","url":"https:\/\/www.die-lautmalerei.de\/?page_id=130","name":"Kontakt - Die Lautmalerei","isPartOf":{"@id":"https:\/\/www.die-lautmalerei.de\/#website"},"datePublished":"2020-04-22T19:14:56+00:00","dateModified":"2022-07-20T12:15:53+00:00","breadcrumb":{"@id":"https:\/\/www.die-lautmalerei.de\/?page_id=130#breadcrumb"},"inLanguage":"de","potentialAction":[{"@type":"ReadAction","target":["https:\/\/www.die-lautmalerei.de\/?page_id=130"]}]},{"@type":"BreadcrumbList","@id":"https:\/\/www.die-lautmalerei.de\/?page_id=130#breadcrumb","itemListElement":[{"@type":"ListItem","position":1,"name":"Startseite","item":"https:\/\/www.die-lautmalerei.de\/"},{"@type":"ListItem","position":2,"name":"Kontakt"}]},{"@type":"WebSite","@id":"https:\/\/www.die-lautmalerei.de\/#website","url":"https:\/\/www.die-lautmalerei.de\/","name":"Die Lautmalerei","description":"Lektorat und Text","potentialAction":[{"@type":"SearchAction","target":{"@type":"EntryPoint","urlTemplate":"https:\/\/www.die-lautmalerei.de\/?s={search_term_string}"},"query-input":{"@type":"PropertyValueSpecification","valueRequired":true,"valueName":"search_term_string"}}],"inLanguage":"de"}]}</script>
<!-- / Yoast SEO plugin. -->

Sie möchten mir Ihren Text zusenden, ein Probelektorat anfordern, einen Termin besprechen, oder haben Fragen, die nicht in den FAQ&hellip;
