{"id":117,"date":"2020-04-22T21:02:57","date_gmt":"2020-04-22T19:02:57","guid":{"rendered":"https:\/\/www.die-lautmalerei.de\/?page_id=117"},"modified":"2020-04-30T17:24:01","modified_gmt":"2020-04-30T15:24:01","slug":"fuer-kulturschaffende","status":"publish","type":"page","link":"https:\/\/www.die-lautmalerei.de\/?page_id=117","title":{"rendered":"F\u00fcr Kulturschaffende"},"content":{"rendered":"\n<ul class=\"wp-block-list\"><li>Du suchst nach den <strong>richtigen Worten, um Deine Arbeiten vorzustellen<\/strong>?<\/li><li>Du fragst Dich, ob man <strong>Deine Website, Deinen Flyer<\/strong> so <strong>versteht, wie man soll<\/strong>?<\/li><li>Deine Form ist es, sich visuell auszudr\u00fccken, aber <strong>die Textform macht Dich unsicher<\/strong>?<\/li><li>Deine Musik, Performance oder Poesie <strong>passt scheinbar in keinen Antrags- oder Pressetext<\/strong>?<\/li><\/ul>\n\n\n\n<p>Das Schreiben \u00fcber Kunst und Kultur ist nicht immer einfach: Man muss das Wesentliche erkennen und aus einem Medium in ein anderes \u00fcbersetzen. Aber immer wieder wird es n\u00f6tig, <strong>eine Form zu finden<\/strong>, <strong>welche die eigene Arbeit f\u00fcr Interessierte, Publikum oder auch Geldgeber*innen verst\u00e4ndlich darstellt<\/strong>. <\/p>\n\n\n\n<p><strong>Weil ich selbst \u00fcber Erfahrung im Kulturbereich verf\u00fcge<\/strong>, z. B. als Musikerin, Organisatorin von Konzerten sowie eines Tanzfestivals, Begleitforscherin eines Theaterprojekts und Promovendin im Bereich Theater, lektoriere und erstelle ich auch Texte zu kulturellen und k\u00fcnstlerischen Projekten mit besonderer Freude. <\/p>\n\n\n\n<p>Dabei ist mir eine <strong>sensible und faire Sprache<\/strong> sehr wichtig, die den bekannten Diskriminierungsmechanismen im Kulturbereich entgegenwirkt und Machtverh\u00e4ltnisse mitreflektiert.<\/p>\n\n\n\n<p>Informiere Dich gern \u00fcber meine <a href=\"https:\/\/www.die-lautmalerei.de\/?page_id=141\">verschiedenen Leistungen<\/a> wie <strong>Korrektorat, Lektorat, Werbelektorat und Texterstellung<\/strong>, oder <a href=\"https:\/\/www.die-lautmalerei.de\/?page_id=130\">sprich mich einfach mal an<\/a>, um zu besprechen, was Dein Projekt genau braucht, um so zu wirken, wie es ist.<\/p>\n","protected":false},"excerpt":{"rendered":"<p>Du suchst nach den richtigen Worten, um Deine Arbeiten vorzustellen? Du fragst Dich, ob man Deine Website, Deinen Flyer so&hellip; <\/p>\n","protected":false},"author":1,"featured_media":0,"parent":0,"menu_order":0,"comment_status":"closed","ping_status":"closed","template":"","meta":{"footnotes":""},"class_list":["post-117","page","type-page","status-publish","hentry"],"yoast_head":"<!-- This site is optimized with the Yoast SEO plugin v27.4 - https:\/\/yoast.com\/product\/yoast-seo-wordpress\/ -->\n<title>F\u00fcr Kulturschaffende - Die Lautmalerei<\/title>\n<meta name=\"robots\" content=\"index, follow, max-snippet:-1, max-image-preview:large, max-video-preview:-1\" \/>\n<link rel=\"canonical\" href=\"https:\/\/www.die-lautmalerei.de\/?page_id=117\" \/>\n<meta property=\"og:locale\" content=\"de_DE\" \/>\n<meta property=\"og:type\" content=\"article\" \/>\n<meta property=\"og:title\" content=\"F\u00fcr Kulturschaffende - Die Lautmalerei\" \/>\n<meta property=\"og:description\" content=\"Du suchst nach den richtigen Worten, um Deine Arbeiten vorzustellen? Du fragst Dich, ob man Deine Website, Deinen Flyer so&hellip;\" \/>\n<meta property=\"og:url\" content=\"https:\/\/www.die-lautmalerei.de\/?page_id=117\" \/>\n<meta property=\"og:site_name\" content=\"Die Lautmalerei\" \/>\n<meta property=\"article:modified_time\" content=\"2020-04-30T15:24:01+00:00\" \/>\n<meta name=\"twitter:card\" content=\"summary_large_image\" \/>\n<meta name=\"twitter:label1\" content=\"Gesch\u00e4tzte Lesezeit\" \/>\n\t<meta name=\"twitter:data1\" content=\"1\u00a0Minute\" \/>\n<script type=\"application\/ld+json\" class=\"yoast-schema-graph\">{\"@context\":\"https:\\\/\\\/schema.org\",\"@graph\":[{\"@type\":\"WebPage\",\"@id\":\"https:\\\/\\\/www.die-lautmalerei.de\\\/?page_id=117\",\"url\":\"https:\\\/\\\/www.die-lautmalerei.de\\\/?page_id=117\",\"name\":\"F\u00fcr Kulturschaffende - Die Lautmalerei\",\"isPartOf\":{\"@id\":\"https:\\\/\\\/www.die-lautmalerei.de\\\/#website\"},\"datePublished\":\"2020-04-22T19:02:57+00:00\",\"dateModified\":\"2020-04-30T15:24:01+00:00\",\"breadcrumb\":{\"@id\":\"https:\\\/\\\/www.die-lautmalerei.de\\\/?page_id=117#breadcrumb\"},\"inLanguage\":\"de\",\"potentialAction\":[{\"@type\":\"ReadAction\",\"target\":[\"https:\\\/\\\/www.die-lautmalerei.de\\\/?page_id=117\"]}]},{\"@type\":\"BreadcrumbList\",\"@id\":\"https:\\\/\\\/www.die-lautmalerei.de\\\/?page_id=117#breadcrumb\",\"itemListElement\":[{\"@type\":\"ListItem\",\"position\":1,\"name\":\"Startseite\",\"item\":\"https:\\\/\\\/www.die-lautmalerei.de\\\/\"},{\"@type\":\"ListItem\",\"position\":2,\"name\":\"F\u00fcr Kulturschaffende\"}]},{\"@type\":\"WebSite\",\"@id\":\"https:\\\/\\\/www.die-lautmalerei.de\\\/#website\",\"url\":\"https:\\\/\\\/www.die-lautmalerei.de\\\/\",\"name\":\"Die Lautmalerei\",\"description\":\"Lektorat und Text\",\"potentialAction\":[{\"@type\":\"SearchAction\",\"target\":{\"@type\":\"EntryPoint\",\"urlTemplate\":\"https:\\\/\\\/www.die-lautmalerei.de\\\/?s={search_term_string}\"},\"query-input\":{\"@type\":\"PropertyValueSpecification\",\"valueRequired\":true,\"valueName\":\"search_term_string\"}}],\"inLanguage\":\"de\"}]}<\/script>\n<!-- \/ Yoast SEO plugin. -->","yoast_head_json":{"title":"F\u00fcr Kulturschaffende - Die Lautmalerei","robots":{"index":"index","follow":"follow","max-snippet":"max-snippet:-1","max-image-preview":"max-image-preview:large","max-video-preview":"max-video-preview:-1"},"canonical":"https:\/\/www.die-lautmalerei.de\/?page_id=117","og_locale":"de_DE","og_type":"article","og_title":"F\u00fcr Kulturschaffende - Die Lautmalerei","og_description":"Du suchst nach den richtigen Worten, um Deine Arbeiten vorzustellen? Du fragst Dich, ob man Deine Website, Deinen Flyer so&hellip;","og_url":"https:\/\/www.die-lautmalerei.de\/?page_id=117","og_site_name":"Die Lautmalerei","article_modified_time":"2020-04-30T15:24:01+00:00","twitter_card":"summary_large_image","twitter_misc":{"Gesch\u00e4tzte Lesezeit":"1\u00a0Minute"},"schema":{"@context":"https:\/\/schema.org","@graph":[{"@type":"WebPage","@id":"https:\/\/www.die-lautmalerei.de\/?page_id=117","url":"https:\/\/www.die-lautmalerei.de\/?page_id=117","name":"F\u00fcr Kulturschaffende - Die Lautmalerei","isPartOf":{"@id":"https:\/\/www.die-lautmalerei.de\/#website"},"datePublished":"2020-04-22T19:02:57+00:00","dateModified":"2020-04-30T15:24:01+00:00","breadcrumb":{"@id":"https:\/\/www.die-lautmalerei.de\/?page_id=117#breadcrumb"},"inLanguage":"de","potentialAction":[{"@type":"ReadAction","target":["https:\/\/www.die-lautmalerei.de\/?page_id=117"]}]},{"@type":"BreadcrumbList","@id":"https:\/\/www.die-lautmalerei.de\/?page_id=117#breadcrumb","itemListElement":[{"@type":"ListItem","position":1,"name":"Startseite","item":"https:\/\/www.die-lautmalerei.de\/"},{"@type":"ListItem","position":2,"name":"F\u00fcr Kulturschaffende"}]},{"@type":"WebSite","@id":"https:\/\/www.die-lautmalerei.de\/#website","url":"https:\/\/www.die-lautmalerei.de\/","name":"Die Lautmalerei","description":"Lektorat und Text","potentialAction":[{"@type":"SearchAction","target":{"@type":"EntryPoint","urlTemplate":"https:\/\/www.die-lautmalerei.de\/?s={search_term_string}"},"query-input":{"@type":"PropertyValueSpecification","valueRequired":true,"valueName":"search_term_string"}}],"inLanguage":"de"}]}},"_links":{"self":[{"href":"https:\/\/www.die-lautmalerei.de\/index.php?rest_route=\/wp\/v2\/pages\/117","targetHints":{"allow":["GET"]}}],"collection":[{"href":"https:\/\/www.die-lautmalerei.de\/index.php?rest_route=\/wp\/v2\/pages"}],"about":[{"href":"https:\/\/www.die-lautmalerei.de\/index.php?rest_route=\/wp\/v2\/types\/page"}],"author":[{"embeddable":true,"href":"https:\/\/www.die-lautmalerei.de\/index.php?rest_route=\/wp\/v2\/users\/1"}],"replies":[{"embeddable":true,"href":"https:\/\/www.die-lautmalerei.de\/index.php?rest_route=%2Fwp%2Fv2%2Fcomments&post=117"}],"version-history":[{"count":9,"href":"https:\/\/www.die-lautmalerei.de\/index.php?rest_route=\/wp\/v2\/pages\/117\/revisions"}],"predecessor-version":[{"id":273,"href":"https:\/\/www.die-lautmalerei.de\/index.php?rest_route=\/wp\/v2\/pages\/117\/revisions\/273"}],"wp:attachment":[{"href":"https:\/\/www.die-lautmalerei.de\/index.php?rest_route=%2Fwp%2Fv2%2Fmedia&parent=117"}],"curies":[{"name":"wp","href":"https:\/\/api.w.org\/{rel}","templated":true}]}}

Für Kulturschaffende

<ul class="wp-block-list"><li>Du suchst nach den <strong>richtigen Worten, um Deine Arbeiten vorzustellen</strong>?</li><li>Du fragst Dich, ob man <strong>Deine Website, Deinen Flyer</strong> so <strong>versteht, wie man soll</strong>?</li><li>Deine Form ist es, sich visuell auszudrücken, aber <strong>die Textform macht Dich unsicher</strong>?</li><li>Deine Musik, Performance oder Poesie <strong>passt scheinbar in keinen Antrags- oder Pressetext</strong>?</li></ul>



<p>Das Schreiben über Kunst und Kultur ist nicht immer einfach: Man muss das Wesentliche erkennen und aus einem Medium in ein anderes übersetzen. Aber immer wieder wird es nötig, <strong>eine Form zu finden</strong>, <strong>welche die eigene Arbeit für Interessierte, Publikum oder auch Geldgeber*innen verständlich darstellt</strong>. </p>



<p><strong>Weil ich selbst über Erfahrung im Kulturbereich verfüge</strong>, z. B. als Musikerin, Organisatorin von Konzerten sowie eines Tanzfestivals, Begleitforscherin eines Theaterprojekts und Promovendin im Bereich Theater, lektoriere und erstelle ich auch Texte zu kulturellen und künstlerischen Projekten mit besonderer Freude. </p>



<p>Dabei ist mir eine <strong>sensible und faire Sprache</strong> sehr wichtig, die den bekannten Diskriminierungsmechanismen im Kulturbereich entgegenwirkt und Machtverhältnisse mitreflektiert.</p>



<p>Informiere Dich gern über meine <a href="https://www.die-lautmalerei.de/?page_id=141">verschiedenen Leistungen</a> wie <strong>Korrektorat, Lektorat, Werbelektorat und Texterstellung</strong>, oder <a href="https://www.die-lautmalerei.de/?page_id=130">sprich mich einfach mal an</a>, um zu besprechen, was Dein Projekt genau braucht, um so zu wirken, wie es ist.</p>

<!-- This site is optimized with the Yoast SEO plugin v27.4 - https://yoast.com/product/yoast-seo-wordpress/ -->
<title>Für Kulturschaffende - Die Lautmalerei</title>
<meta name="robots" content="index, follow, max-snippet:-1, max-image-preview:large, max-video-preview:-1" />
<link rel="canonical" href="https://www.die-lautmalerei.de/?page_id=117" />
<meta property="og:locale" content="de_DE" />
<meta property="og:type" content="article" />
<meta property="og:title" content="Für Kulturschaffende - Die Lautmalerei" />
<meta property="og:description" content="Du suchst nach den richtigen Worten, um Deine Arbeiten vorzustellen? Du fragst Dich, ob man Deine Website, Deinen Flyer so&hellip;" />
<meta property="og:url" content="https://www.die-lautmalerei.de/?page_id=117" />
<meta property="og:site_name" content="Die Lautmalerei" />
<meta property="article:modified_time" content="2020-04-30T15:24:01+00:00" />
<meta name="twitter:card" content="summary_large_image" />
<meta name="twitter:label1" content="Geschätzte Lesezeit" />
	<meta name="twitter:data1" content="1 Minute" />
<script type="application/ld+json" class="yoast-schema-graph">{"@context":"https:\/\/schema.org","@graph":[{"@type":"WebPage","@id":"https:\/\/www.die-lautmalerei.de\/?page_id=117","url":"https:\/\/www.die-lautmalerei.de\/?page_id=117","name":"Für Kulturschaffende - Die Lautmalerei","isPartOf":{"@id":"https:\/\/www.die-lautmalerei.de\/#website"},"datePublished":"2020-04-22T19:02:57+00:00","dateModified":"2020-04-30T15:24:01+00:00","breadcrumb":{"@id":"https:\/\/www.die-lautmalerei.de\/?page_id=117#breadcrumb"},"inLanguage":"de","potentialAction":[{"@type":"ReadAction","target":["https:\/\/www.die-lautmalerei.de\/?page_id=117"]}]},{"@type":"BreadcrumbList","@id":"https:\/\/www.die-lautmalerei.de\/?page_id=117#breadcrumb","itemListElement":[{"@type":"ListItem","position":1,"name":"Startseite","item":"https:\/\/www.die-lautmalerei.de\/"},{"@type":"ListItem","position":2,"name":"Für Kulturschaffende"}]},{"@type":"WebSite","@id":"https:\/\/www.die-lautmalerei.de\/#website","url":"https:\/\/www.die-lautmalerei.de\/","name":"Die Lautmalerei","description":"Lektorat und Text","potentialAction":[{"@type":"SearchAction","target":{"@type":"EntryPoint","urlTemplate":"https:\/\/www.die-lautmalerei.de\/?s={search_term_string}"},"query-input":{"@type":"PropertyValueSpecification","valueRequired":true,"valueName":"search_term_string"}}],"inLanguage":"de"}]}</script>
<!-- / Yoast SEO plugin. -->

Für Kulturschaffende - Die Lautmalerei
